common divisor of b and 9.
9
Let m = -22 + 25. What is the highest common factor of m and 12?
3
Let r = -68 - -138. What is the highest common divisor of 28 and r?
14
Suppose 0*x = -4*x. Let r be x/(-3) + 7 + 1. What is the greatest common factor of 64 and r?
8
Let s(g) = -g**3 + 4*g**2 + 5*g + 6. Let a be s(5). Suppose 5 = 5*c - 5*w, c - 4*w + 11 + 3 = 0. Calculate the highest common divisor of c and a.
6
Let s = 55 + -15. Calculate the greatest common divisor of 16 and s.
8
Suppose 5*o - 25 = -0. Calculate the greatest common factor of o and 5.
5
Suppose -4*d + 12 + 3 = 5*g, -5*d = 2*g - 6. Let q(b) = -b. Let o be q(d). Suppose o = -3*f + 47 - 11. Calculate the greatest common divisor of 108 and f.
12
Let i(r) = -r**2 + 3*r + 2. Let l be i(3). Let f = l - -1. Suppose 0 = f*u - 17 - 25. What is the greatest common factor of u and 14?
14
Let n be 0 + -2 + 2 + 50. Calculate the highest common factor of n and 10.
10
Suppose -4*h - 5*w = 4 + 1, 3*w = 5*h - 40. Let a = -47 + 48. What is the highest common divisor of a and h?
1
Let y(l) = -l**2 + 10*l - 7. Let j be y(9). Let c = j - -54. Suppose -4*b = 4*p - 36, 4*p - 27 - 17 = -5*b. What is the greatest common divisor of b and c?
8
Let o = -5 - -5. Let n = o - -2. What is the greatest common divisor of 1 and n?
1
Let p(i) be the first derivative of i**4/4 + 4*i**3/3 - 4*i**2 - 5*i + 6. Let g be p(-5). Calculate the highest common divisor of 25 and g.
5
Let f(u) = u**3 + 8*u**2 + 8*u - 7. Let z be f(-4). What is the highest common factor of 125 and z?
25
Suppose -2*n = -4*i - 12, 2*n + i - 10 = 3*i. What is the highest common divisor of 44 and n?
4
Let g = 114 - 44. What is the highest common divisor of 10 and g?
10
Suppose -3*o - 2*q + 69 = 2*o, -q = -3*o + 48. Let w be (5/15)/((-2)/(-18)). Let v be ((-1)/w)/((-2)/36). Calculate the highest common factor of v and o.
3
Let k(r) = r**2 + r + 25. Let l be k(0). Let a = 0 - -3. Let m = 8 - a. What is the highest common divisor of m and l?
5
Let z = 2 - -3. Suppose -12 = -3*a + 5*w - 0, z*a - 51 = -2*w. Calculate the highest common divisor of 1 and a.
1
Suppose 6 = 5*f - b - 8, b = 4*f - 12. Suppose 7*a - f*a - 440 = 0. What is the highest common divisor of a and 8?
8
Let n = -10 - -26. What is the highest common factor of n and 16?
16
Suppose 0 = -9*f + 130 + 221. Calculate the highest common factor of 13 and f.
13
Suppose 3*q - 11 = 2*q. What is the greatest common divisor of q and 121?
11
Let o(k) be the first derivative of 10*k**3/3 + 2*k**2 + 3*k + 2. Let l be o(-2). Calculate the highest common divisor of 14 and l.
7
Suppose s = -2*s + 189. Let d be (22 + 0)*s/14. Calculate the highest common factor of 9 and d.
9
Suppose -4*l = -5*t + 57 - 1, 0 = -5*t - 4*l + 64. Let w(u) = -9*u - 3. Let i be w(-7). What is the highest common divisor of i and t?
12
Let o = 11 + 4. Let p = -5 + 11. What is the highest common factor of p and o?
3
Suppose -j - 1 + 0 = 0. Let p(o) = -4*o + 2. Let g be p(j). Calculate the highest common divisor of 6 and g.
6
Let n(d) = 4*d**2 - 8*d + 3. Let f be n(6). Let s(z) = -18*z + 153. Let p be s(8). What is the highest common divisor of p and f?
9
Let t be 12 - (-2 + (-4)/(-2)). Let y = -24 - -30. Calculate the highest common factor of y and t.
6
Let n(u) = -22*u - 2. Let x be n(-5). What is the highest common divisor of 12 and x?
12
Suppose -5*v = 2*l - 3, l + 2*l - 2*v - 14 = 0. Suppose 0 = 3*g + 2*p - 20, p + 50 = l*g - p. What is the greatest common divisor of g and 4?
2
Let s be 10/(-2)*(-2)/5. Suppose -5*t = -4*t + s. Let r be t/(-6) + 1315/15. Calculate the greatest common factor of r and 11.
11
Let a(f) = 47*f + 1. Suppose 10 = -5*m + 3*q, q = -m - 3*m + 9. Let s be a(m). Calculate the greatest common factor of 16 and s.
16
Let j = 30 - 0. What is the highest common factor of 60 and j?
30
Let p(a) = 5*a - 3. Let v be p(2). Suppose 6*i - 17 = -11*i. What is the highest common factor of i and v?
1
Let n(b) be the third derivative of b**4/24 + b**3/2 + b**2. Let y be n(4). What is the greatest common divisor of y and 7?
7
Let o be -1 - ((-1)/(-1) + -5). Suppose -41*w + 344 + 25 = 0. What is the highest common factor of o and w?
3
Let t(s) = 2*s**2 + 5*s + 13. Let i be t(-5). Calculate the greatest common divisor of i and 76.
38
Let b(d) = d**2 + 1. Let f be b(0). Let o be 1 - 1*(f + 13). Let x = 27 + o. What is the greatest common divisor of x and 7?
7
Let z(h) = -h**2 + 8*h + 3*h**3 - 1 - 5*h**2 - 2*h**2 - 2*h**3. Let y be z(7). Calculate the highest common factor of 15 and y.
3
Let a = 110 - -29. Suppose -81 - a = -4*u. Let k be u + 1 - (-3)/(-3). What is the greatest common divisor of 22 and k?
11
Suppose -3*d = 2*d - 4*l - 377, -2*l - 6 = 0. Suppose 5*p - d = -2*c - 20, 0 = -4*c + 2*p + 46. Calculate the greatest common divisor of 35 and c.
7
Let f be (8/1)/(8 - 7). Calculate the highest common divisor of 40 and f.
8
Suppose g = -4*g. Suppose g = -6*d + d + 675. Calculate the greatest common divisor of 15 and d.
15
Let i be 9/2*-1*-16. Calculate the highest common divisor of i and 108.
36
Let p be (-2 + 4 - 3) + 26. Let b be (-10)/p - 7/(-5). Let t be 85/1 - (0 + b). What is the highest common divisor of 21 and t?
21
Let p be (30/4)/((-7)/(-14)). What is the greatest common factor of 105 and p?
15
Let u = -222 + 317. What is the highest common divisor of u and 38?
19
Let r = 67 + -47. Let l(m) = -m**2 + 9*m. Let b be l(8). What is the highest common divisor of r and b?
4
Let s be ((-6)/(-8))/((-12)/(-48)). Let g(o) = 2*o + 10. Suppose -4*r + 31 = 3. Let l be g(r). What is the greatest common factor of l and s?
3
Let b(l) = 2*l**2 - 2*l + 1. Let w be b(-2). Let n(x) = -2*x + 52. Let j be n(0). Calculate the highest common divisor of w and j.
13
Let y = 17 - -225. Suppose -y - 190 = -3*f. Calculate the highest common factor of 16 and f.
16
Let a(c) = -c**3 - 3*c**2 - c + 1. Let x be a(-3). Suppose 130 = 4*q - 2*n, 3*n + 140 = x*q - n. Calculate the highest common factor of q and 20.
10
Let u be (6/(-9))/(6/(-27)). Suppose 3 = -2*l + u*l. Let t(o) = -o**2 + 5*o - 2. Let q be t(4). What is the greatest common factor of l and q?
1
Suppose 0 = -4*h - 5*y - 20, 2*h + 0*y + y + 10 = 0. Let u be (h - 1)*2/(-6). Calculate the highest common factor of 8 and u.
2
Suppose 5*c = 61 + 44. Calculate the greatest common factor of c and 84.
21
Let l = 4 - -18. Let u = l - -2. Calculate the highest common divisor of 6 and u.
6
Let n = -19 - -34. Let a = 128 + -123. What is the greatest common factor of a and n?
5
Suppose -5*c + 0*c + 25 = 0. Suppose -o + 15 = 2*o. Calculate the greatest common divisor of o and c.
5
Suppose 11*o - 499 = 293. What is the greatest common factor of 16 and o?
8
Suppose -2*n - 5 = -21. Let o(x) = 14*x - 2. Let j be o(3). Calculate the greatest common divisor of n and j.
8
Let y(k) = k**2 + k - 8. Let a be y(5). Calculate the highest common factor of 55 and a.
11
Suppose 0 = r + c - 6*c - 191, -4*r = c - 701. Suppose 3*z - 110 + 21 = -5*j, -4*j - z + 67 = 0. Calculate the greatest common factor of j and r.
16
Let r = 609 - 334. Calculate the highest common factor of r and 25.
25
Let o be 2/6 - (-284)/12. What is the greatest common factor of 12 and o?
12
Let x(l) be the second derivative of -l**3/6 - 9*l**2/2 + 3*l. Let y be x(-12). Calculate the highest common factor of y and 3.
3
Let q be (-5)/(-1*(0 + 1)). Suppose 0*f + q*f - 60 = 0. Suppose -2*u = 2*k - 114, -5*k = -2*u + 123 + f. What is the highest common factor of u and 12?
12
Let c(g) = -12*g + 104. Let d be c(7). What is the greatest common divisor of 170 and d?
10
Let t be 6/(-24) + 10/8. Suppose -3*k - 2*b = -9, k + 5*b - 1 = 2. Calculate the highest common divisor of t and k.
1
Let l(p) = p**2 - 10*p - 14. Suppose -2*g + 6*g = 52. Let m be l(g). Let r be 1/1 - (1 - 5). What is the greatest common divisor of m and r?
5
Let z = -31 + 33. What is the highest common factor of 32 and z?
2
Let v(u) = 4*u + 8. Suppose 27 = 3*f - 3*r, 0 = -r + 6*r - 5. Let n be v(f). What is the highest common divisor of 6 and n?
6
Let o(c) = -c**3 - 4*c**2 + c + 1. Let i be o(-5). What is the greatest common factor of 7 and i?
7
Suppose 0 = -14*g - 0 + 140. Calculate the highest common factor of g and 2.
2
Let j be ((-1)/(-1))/(2/10). Suppose -2*o - 27 = 3*v, 4*v = -v